
What are the prime factors of 82169746?
2, 41084873
List the prime factors of 385943292.
2, 3, 7, 131, 433
List the prime factors of 2136961405.
5, 15233, 28057
List the prime factors of 1080570333.
3, 360190111
List the prime factors of 6110680879.
6110680879
List the prime factors of 1719962760.
2, 3, 5, 17, 37, 22787
List the prime factors of 94647544.
2, 71, 281, 593
What are the prime factors of 28821982?
2, 7, 2058713
List the prime factors of 539574362.
2, 269787181
List the prime factors of 1993061520.
2, 3, 5, 479, 5779
What are the prime factors of 673710825?
3, 5, 23, 53, 7369
List the prime factors of 4178194402.
2, 8219, 254179
List the prime factors of 1459229795.
5, 449, 649991
List the prime factors of 1008498176.
2, 7, 47, 5987
What are the prime factors of 355244012?
2, 149, 596047
List the prime factors of 289555576.
2, 36194447
List the prime factors of 762192202.
2, 2699, 141199
What are the prime factors of 31044696?
2, 3, 1293529
List the prime factors of 5527903736.
2, 17, 367, 110753
List the prime factors of 181395498.
2, 3, 1997, 15139
List the prime factors of 1321339221.
3, 727, 201947
List the prime factors of 3553782.
2, 3, 17, 34841
List the prime factors of 103262595.
3, 5, 6884173
List the prime factors of 56941677.
3, 13, 12479
What are the prime factors of 48265097?
157, 173, 1777
List the prime factors of 519830376.
2, 3, 13, 443, 3761
List the prime factors of 154654730.
2, 5, 83, 389, 479
What are the prime factors of 1037818886?
2, 13, 83, 181, 2657
List the prime factors of 17591078.
2, 1783, 4933
List the prime factors of 18629791.
31, 600961
List the prime factors of 1221931592.
2, 7, 21820207
What are the prime factors of 60203226?
2, 3, 10033871
List the prime factors of 7203312131.
17, 1483, 285721
List the prime factors of 574991366.
2, 191, 463, 3251
What are the prime factors of 3872741960?
2, 5, 31, 941, 3319
List the prime factors of 1616813694.
2, 3, 89, 1009247
List the prime factors of 1908368508.
2, 3, 461, 344969
List the prime factors of 22911403.
83, 276041
List the prime factors of 2812242827.
1987, 1415321
What are the prime factors of 2107450817?
8539, 246803
What are the prime factors of 33453170?
2, 5, 3345317
List the prime factors of 195159792.
2, 3, 19, 29, 47, 157
What are the prime factors of 682039174?
2, 59, 5779993
What are the prime factors of 21436307?
29, 739183
List the prime factors of 563609291.
7, 131, 614623
List the prime factors of 14847267.
3, 67, 73867
List the prime factors of 32526810.
2, 3, 5, 361409
List the prime factors of 1190833.
7, 17, 10007
List the prime factors of 1485506080.
2, 5, 197, 47129
List the prime factors of 7619989.
13, 586153
What are the prime factors of 2643612606?
2, 3, 31, 1579219
What are the prime factors of 52375874?
2, 26187937
List the prime factors of 209434157.
209434157
List the prime factors of 135658115.
5, 27131623
What are the prime factors of 37303040?
2, 5, 151, 193
List the prime factors of 4772521.
13, 47, 73, 107
What are the prime factors of 1989722293?
13, 179, 855059
List the prime factors of 254991200.
2, 5, 29, 379
What are the prime factors of 14769629?
7, 383, 787
List the prime factors of 4793282500.
2, 5, 1917313
What are the prime factors of 469667024?
2, 17, 757, 2281
List the prime factors of 642923716.
2, 47, 383, 8929
List the prime factors of 1184263805.
5, 829, 285709
List the prime factors of 811851876.
2, 3, 11, 683377
What are the prime factors of 868762039?
347, 2503637
List the prime factors of 58581784.
2, 41, 178603
List the prime factors of 269715865.
5, 71, 759763
What are the prime factors of 394537968?
2, 3, 11, 233, 1069
List the prime factors of 237842096.
2, 1103, 13477
What are the prime factors of 1431566993?
4391, 326023
List the prime factors of 111616400.
2, 5, 7, 39863
List the prime factors of 803786943.
3, 1549, 172969
List the prime factors of 2702698228.
2, 311, 2172587
List the prime factors of 162366908.
2, 11, 163, 22639
What are the prime factors of 3000456835?
5, 23, 26090929
What are the prime factors of 22988329?
7, 13, 29, 31, 281
What are the prime factors of 3697818720?
2, 3, 5, 229, 33641
List the prime factors of 12588073.
12588073
List the prime factors of 77143164.
2, 3, 7, 918371
List the prime factors of 2055135660.
2, 3, 5, 41, 835421
What are the prime factors of 62596087?
23, 103, 26423
List the prime factors of 52294727.
37, 1413371
What are the prime factors of 23773765?
5, 29, 127, 1291
What are the prime factors of 545590156?
2, 193, 239, 2957
List the prime factors of 118802891.
2273, 52267
List the prime factors of 5343980577.
3, 13, 6763, 20261
What are the prime factors of 1017076068?
2, 3, 17, 553963
List the prime factors of 32779069.
47, 53, 13159
List the prime factors of 280679514.
2, 3, 19, 193, 12757
List the prime factors of 12037475.
5, 59, 8161
What are the prime factors of 61088362?
2, 30544181
What are the prime factors of 91219230?
2, 3, 5, 131, 2579
What are the prime factors of 605865408?
2, 3, 3155549
List the prime factors of 156361341.
3, 89, 313, 1871
What are the prime factors of 127705035?
3, 5, 107, 251, 317
What are the prime factors of 104838017?
137, 765241
What are the prime factors of 949277379?
3, 316425793
What are the prime factors of 319422187?
7, 45631741
List the prime factors of 64412578.
2, 32206289
List the prime factors of 371498787.
3, 11, 29, 83, 1559
What are the prime factors of 19960652?
2, 17, 31, 557
List the prime factors of 23464715.
5, 19, 23, 10739
List the prime factors of 4586439647.
83, 5449, 10141
List the prime factors of 1835808219.
3, 7, 101, 32057
What are the prime factors of 20349711?
3, 251231
What are the prime factors of 207845215?
5, 41569043
List the prime factors of 6649939025.
5, 10099, 26339
List the prime factors of 18484756.
2, 37, 124897
What are the prime factors of 587327855?
5, 117465571
What are the prime factors of 34087190?
2, 5, 3408719
What are the prime factors of 90176055?
3, 5, 31, 53, 3659
What are the prime factors of 94246685?
5, 13, 1449949
What are the prime factors of 165701297?
165701297
What are the prime factors of 2199280153?
7, 19, 61, 307, 883
List the prime factors of 539117782.
2, 7, 2213, 17401
What are the prime factors of 381901661?
7243, 52727
What are the prime factors of 550112?
2, 17191
List the prime factors of 52057629.
3, 13, 444937
What are the prime factors of 8451139?
463, 18253
What are the prime factors of 162071688?
2, 3, 41, 164707
List the prime factors of 1867901094.
2, 3, 31, 1115831
What are the prime factors of 45591545?
5, 19, 31, 113, 137
List the prime factors of 39587949.
3, 1783, 2467
List the prime factors of 1305241597.
11, 199, 596273
What are the prime factors of 2162341823?
2162341823
List the prime factors of 383886985.
5, 131, 586087
What are the prime factors of 1992485060?
2, 5, 99624253
List the prime factors of 49185155.
5, 23, 211, 2027
List the prime factors of 282728747.
7, 4931, 8191
What are the prime factors of 24596806?
2, 13, 946031
List the prime factors of 3894271652.
2, 973567913
List the prime factors of 66053408.
2, 2064169
List the prime factors of 375548107.
11, 34140737
What are the prime factors of 129487992?
2, 3, 31, 269, 647
List the prime factors of 239766063.
3, 173, 461977
List the prime factors of 42320067.
3, 14106689
List the prime factors of 140938572.
2, 3, 23, 113, 4519
What are the prime factors of 1179569836?
2, 41, 2657, 2707
List the prime factors of 53524605.
3, 5, 3568307
List the prime factors of 64233163.
439, 146317
What are the prime factors of 6148016496?
2, 3, 37, 607, 1901
List the prime factors of 118545135.
3, 5, 7903009
What are the prime factors of 176703642?
2, 3, 199, 49331
List the prime factors of 36398098.
2, 11, 23, 71933
What are the prime factors of 318979020?
2, 3, 5, 349, 15233
What are the prime factors of 2222857242?
2, 3, 13721341
What are the prime factors of 782761315?
5, 7, 31, 721439
List the prime factors of 192911861.
89, 2167549
What are the prime factors of 72873689?
7, 67, 155381
List the prime factors of 1028217658.
2, 13, 39546833
List the prime factors of 45160262.
2, 7, 17, 27107
List the prime factors of 1485203626.
2, 8951, 82963
What are the p